
False
Is 37926149141 a composite number?
True
Is 1606016119 composite?
False
Is 13221267739 a composite number?
False
Is 41088501619 a composite number?
True
Is 960598589 prime?
False
Is 17325474721 prime?
False
Is 9361557113 composite?
False
Is 129358338677 a prime number?
True
Is 5721889287 prime?
False
Is 9893577851 a composite number?
False
Is 171891039113 a prime number?
True
Is 3675915029 a prime number?
True
Is 11670311921 a prime number?
False
Is 703811653 prime?
False
Is 253375853 a prime number?
True
Is 4181697739 composite?
True
Is 36871395101 composite?
False
Is 2160421715 a composite number?
True
Is 200070713 prime?
True
Is 3921097979 composite?
True
Is 10115960761 a composite number?
False
Is 192885681346 a composite number?
True
Is 1529940481 a prime number?
False
Is 70918916477 a prime number?
True
Is 295054351 prime?
False
Is 5009696297 a composite number?
False
Is 119137001 composite?
False
Is 2133164851 composite?
True
Is 141808423 prime?
True
Is 333761111 composite?
False
Is 9351211873 a composite number?
False
Is 11272367 composite?
False
Is 1977556861 a composite number?
True
Is 585924421 a composite number?
True
Is 737012167 a prime number?
True
Is 2725739969 a composite number?
False
Is 3192003413 a composite number?
False
Is 1610448249 a prime number?
False
Is 7519342337 composite?
True
Is 54093472957 a prime number?
True
Is 92345761217 prime?
False
Is 1023866 a composite number?
True
Is 436225697 a composite number?
False
Is 169987549231 a prime number?
True
Is 11369214373 prime?
False
Is 93131906213 composite?
True
Is 77928034523 prime?
True
Is 85797972943 prime?
True
Is 25909712999 composite?
True
Is 152676774417 composite?
True
Is 43497876685 composite?
True
Is 154677451 prime?
False
Is 1068469679 prime?
True
Is 528783467 composite?
True
Is 12157847971 composite?
True
Is 45134801501 prime?
True
Is 59464001543 composite?
False
Is 18828060989 prime?
True
Is 1317784883 composite?
True
Is 57904507469 composite?
False
Is 102495689 a composite number?
True
Is 16752688933 a composite number?
False
Is 328867207 a composite number?
False
Is 8696417699 a composite number?
False
Is 1198224101 a composite number?
False
Is 15642053711 composite?
False
Is 11634714823 a prime number?
True
Is 38865500339 composite?
False
Is 3466207127 prime?
True
Is 16741326373 composite?
False
Is 257572441249 a prime number?
True
Is 334638019 composite?
True
Is 7966920427 composite?
True
Is 22563146269 prime?
False
Is 1306286167 composite?
False
Is 721433033 composite?
True
Is 25993446383 prime?
False
Is 83474037901 a prime number?
True
Is 3347005663 a composite number?
True
Is 111960269 a composite number?
False
Is 19071521333 composite?
True
Is 356888299 a composite number?
False
Is 252971023 a composite number?
False
Is 12403289837 prime?
False
Is 40472028613 a composite number?
False
Is 5836346457 a prime number?
False
Is 38371107323 prime?
True
Is 32549305013 prime?
True
Is 49186366637 a composite number?
False
Is 219233349347 prime?
True
Is 1995755221 a prime number?
True
Is 366294371 prime?
False
Is 32699841457 a prime number?
True
Is 4704900581 a prime number?
True
Is 114995550721 prime?
True
Is 96499506589 composite?
False
Is 122834548633 composite?
False
Is 60995771 prime?
True
Is 52725872867 a composite number?
True
Is 212194757 a prime number?
False
Is 474901343 a composite number?
True
Is 14668996091 a prime number?
False
Is 2060441221 a composite number?
True
Is 4456508929 composite?
True
Is 35631446027 a prime number?
True
Is 17941453961 prime?
False
Is 1279932803 a prime number?
True
Is 2549576737 a composite number?
False
Is 2743854899 a composite number?
False
Is 386740966 composite?
True
Is 994762747 a prime number?
False
Is 389231317 a prime number?
False
Is 5374721623 a prime number?
False
Is 249265950517 composite?
False
Is 36383357249 a prime number?
True
Is 123941104321 a prime number?
True
Is 3464602613 a composite number?
True
Is 167944709 a composite number?
False
Is 11558220787 a prime number?
True
Is 1943768069 a prime number?
True
Is 182349217 prime?
True
Is 2891685967 composite?
True
Is 4496359281 prime?
False
Is 677245069 composite?
True
Is 60780009703 a prime number?
False
Is 21832797803 a prime number?
True
Is 4114572317 prime?
True
Is 11627331421 prime?
False
Is 562278263 composite?
True
Is 1028841197 composite?
False
Is 4951126849 a composite number?
False
Is 2682343007 a composite number?
True
Is 703685893 a prime number?
True
Is 8324558261 prime?
False
Is 229915421 a composite number?
False
Is 261641903 a prime number?
False
Is 24381104179 a composite number?
False
Is 1207191907 composite?
True
Is 225685379 composite?
False
Is 40510077901 composite?
False
Is 310007741 prime?
False
Is 6330040033 a prime number?
False
Is 54293920921 a composite number?
True
Is 713303243 prime?
False
Is 6352920251 prime?
False
Is 1791387737 a prime number?
True
Is 21268705609 composite?
True
Is 1176503957 a prime number?
False
Is 4265989939 composite?
True
Is 19105739 a composite number?
True
Is 707243341 a composite number?
True
Is 90466726157 composite?
False
Is 14025503221 a composite number?
True
Is 557357813 a prime number?
False
Is 67727887 a prime number?
True
Is 52947972839 a composite number?
False
Is 479295581 a prime number?
True
Is 988789821 composite?
True
Is 176207489 a composite number?
True
Is 57335788487 a composite number?
True
Is 7479628931 a prime number?
False
Is 278738023 composite?
True
Is 28687456891 prime?
True
Is 6900232121 prime?
True
Is 1531629317 a composite number?
True
Is 779352281 composite?
True
Is 373791421 composite?
False
Is 11714117029 composite?
True
Is 4244924741 composite?
True
Is 788439199 prime?
False
Is 93059725123 prime?
False
Is 9569310997 a prime number?
True
Is 38407341691 composite?
True
Is 4380217741 composite?
False
Is 33002519239 a composite number?
False
Is 27271680937 a composite number?
False
Is 46620416879 composite?
True
Is 3313570219 a prime number?
False
Is 16995364941 a prime number?
False
Is 428517215923 a prime number?
False
Is 5381216759 prime?
True
Is 409752719 composite?
True
Is 119707451 a composite number?
False
Is 2683565777 a composite number?
False
Is 507863119 composite?
True
Is 56398275739 composite?
True
Is 153477771769 a composite number?
True
Is 1188873447 a prime number?
False
Is 3361487035 prime?
False
Is 1530132119 composite?
True
Is 3838268011 prime?
True
Is 11966747707 a composite number?
True
Is 7131198449 prime?
False
Is 2694010745 a prime number?
False
Is 100961452055 a composite number?
True
Is 125982079 a composite number?
True
Is 331853903 a prime number?
False
Is 219574375211 composite?
False
Is 34463923357 a prime number?
False
Is 5837211683 prime?
True
Is 409253261 a composite number?
False
Is 7332322297 prime?
True
Is 3757803271 composite?
False
Is 2573560189 a prime number?
True
Is 3381557693 prime?
True
Is 236994227 composite?
True
Is 98387494511 prime?
False
Is 4328959309 a composite number?
False
Is 97030013263 prime?
False
Is 812953587 a prime number?
False
Is 2025865183 a prime number?
True
Is 357581093 a prime number?
True
Is 50344577 a prime number?
False
Is 4134390313 a prime number?
True
Is 157222361 a prime number?
False
Is 7230270767 prime?
False
Is 2036520545 composite?
True
Is 41710047721 prime?
True
Is 11008528151 a prime number?
False
Is 79731203 composite?
True
Is 36327269623 prime?
True
Is 1116390397 a composite number?
True
Is 1378491538 prime?
False
Is 903801401 a composite number?
False
Is 765052203 a composite number?
True
Is 1729441963 a prime number?
False
Is 388378541 prime?
False
Is 864329239 a composite number?
False
Is 2868583687 a composite number?
True
Is 1579055431 prime?
False
Is 67002412549 a prime number?
False
Is 31500067889 prime?
False
Is 2922264151 composite?
True
Is 23249978231 composite?
True
Is 1970660047 composite?
False
Is 93858197 composite?
False
Is 2016647959 a composite number?
True
Is 2343027299 composite?
False
Is 215315671 composite?
True
Is 4627577267 a composite number?
True
Is 34222733 a composite number?
False
Is 460947523 composite?
False
Is 207816373 a prime number?
False
Is 32384258969 a prime number?
True
Is 944123421 composite?
True
Is 5426855537 prime?
True
Is 9447356623 prime